 the units digit of j?
0
Let z(p) = -8*p - 69. Let x be z(16). Let a = 539 + x. What is the tens digit of a?
4
Suppose -q - 4*q = 2*i + 21, -q = -2*i + 9. Let w(k) = -2 - 2*k**2 - 8*k - 1 - 2*k**i + 5*k**2. What is the tens digit of w(-7)?
0
Suppose -w + 0*i + 4*i = -101, -3*w = 5*i - 218. Let q(g) = -w + 41 + 16*g + 3*g**2 + 36. What is the units digit of q(-7)?
1
Suppose -5*q + 42385 = 4*k + 13939, 3*q - 17065 = -5*k. What is the tens digit of q?
9
Suppose 3*f = 5*t - 3, -t = 18*f - 14*f + 4. Suppose t = 10*v - 2642 - 1418. What is the tens digit of v?
0
Suppose -6*u = -2*u - 22912. Suppose -5*n = 3*d - 7187, 3*n + n - u = 3*d. What is the tens digit of n?
3
Suppose 12*l - 22517 = -4697. What is the units digit of l?
5
Let j(w) = -4*w - 36. Let m be j(-16). Suppose 0 = 5*l + 148 - m. What is the units digit of ((-750)/4 - l/16)*-1?
6
Let z be (-9)/((-27)/2)*9. Let y be z/10 + 48/(-5). What is the tens digit of (21/y)/(4/(-252))?
4
Suppose -8*a + 20 = 3*d - 12*a, -4*d - 2*a = -12. Suppose 6*k + 990 = 8*k + 3*u, -2*k + 1004 = -d*u. What is the units digit of k?
8
Let l = 38 - 35. Let v(o) = -13 + l*o + 23 + 5*o + 2. What is the tens digit of v(17)?
4
Suppose -4*j = 4*h - 12, 24 = 4*h - 2*j - 0*j. Suppose -h*i = -u + 22 - 5, 4*u - 114 = -3*i. What is the units digit of u?
7
Let m(l) = -5028*l + 9. Let d be m(-4). Suppose -7*v - d = -26*v. What is the tens digit of v?
5
Suppose 0 = j - 3*q - 17434, -5*j + 17431 = -4*j - 4*q. What is the ten thousands digit of j?
1
Suppose -13 = -6*c + 4*c - 3*v, 22 = 3*c + 5*v. What is the hundreds digit of c/(4/16) - -522?
5
Let o(q) be the second derivative of 25*q**3/6 - 19*q**2/2 + 23*q - 1. What is the tens digit of o(4)?
8
Let s(h) = 186*h**2 + 163*h - 92. What is the units digit of s(-11)?
1
Suppose -3*i - 22*a = -23*a - 24202, 3*a = 2*i - 16130. What is the tens digit of i?
6
Let v = -39581 - -73932. What is the ten thousands digit of v?
3
Suppose -16*m + 266214 = 87350. What is the ten thousands digit of m?
1
Suppose -u + 23993 = -2027 - 18351. What is the units digit of u?
1
Let d(t) = -98*t**2 - 5*t + 8. Let m(i) = 98*i**2 + 4*i - 6. Let h(a) = 3*d(a) + 4*m(a). Suppose 1 = 3*p - j - 4, -p - 9 = 5*j. What is the tens digit of h(p)?
9
Let p(v) = 2*v + 29. Let s be p(13). Let j = s - -476. What is the units digit of j?
1
Let y(r) = -5*r - 30. Let w be y(5). Let p = w - -57. Suppose -5*l = -p*c + 348, 0*c - 3*c + 515 = -4*l. What is the tens digit of c?
6
Suppose -4*l = 3*t - 33, 5*t = -l + 53 - 15. What is the tens digit of (40 + -10)*-10*t/(-4)?
2
Let x = 12729 + -1849. What is the hundreds digit of x?
8
Let r(h) = -800*h + 25. Let l be (-3)/18*(8 - 2). What is the tens digit of r(l)?
2
Let j(o) = -o**3 + 5*o**2 - 5*o + 4. Let c be j(4). Suppose 4*u = l + 6*u - 7, 2*u - 6 = c. What is the tens digit of -3 - (-324)/(5 - l)?
7
Suppose 301*d = 309*d - 1800. Suppose p - d = 422. What is the units digit of p?
7
Let t(o) = 243*o**2 + 57*o - 91. What is the ten thousands digit of t(10)?
2
What is the tens digit of 365742/26 + (1 - -5)?
7
Let j be -479 - (-3)/3*1. Suppose -3*l + 4*o - 790 + 2 = 0, l + 4*o + 252 = 0. Let b = l - j. What is the tens digit of b?
1
Suppose -2*s - 2*u - 10 + 4 = 0, -4*s - 3*u - 7 = 0. Suppose s*c - 3*g + 251 = 1098, g + 1267 = 3*c. What is the hundreds digit of c?
4
Let z be 0 - 4 - (-48 - -15). Let q = -25 + z. What is the tens digit of 3*(q - (-142)/6)?
8
Suppose 5*o = g + 6590, -4*o + 69*g + 5251 = 64*g. What is the tens digit of o?
1
Suppose 72*x - 42*x = 1118700. What is the ten thousands digit of x?
3
Suppose -2*l + 4*s = -154, 0*l - 153 = -2*l + 3*s. Suppose l = w - 6*w. Let g = 102 + w. What is the units digit of g?
7
Let z be 26/7 - 3*(-2)/21. Let f(w) = 0 - 10 - 24*w - 10*w + z. What is the tens digit of f(-3)?
9
Let l = 55968 + -25572. What is the hundreds digit of l?
3
Let b be 2 + (6/2)/3. Suppose 90 = 5*o + 5*n, -b*o - 19 = -4*n - 45. What is the tens digit of o + -10 - (-94 - 0)?
9
Let x = 484 + -231. Let s be x/44 + (-1)/(-4). Suppose -s*k = -0*k - 330. What is the units digit of k?
5
Let i(j) be the second derivative of -j**5/20 + 23*j**4/24 - 13*j**3/6 + j**2 + 5*j. Let c(f) be the first derivative of i(f). What is the units digit of c(6)?
7
Let x(d) = -11*d**3 - 7*d**2 - 25*d - 17. Let g be x(-11). Suppose g - 2978 = 14*u. What is the hundreds digit of u?
7
Suppose 46*a - 22498 = 32*a. What is the tens digit of a?
0
Let v(n) = n**3 - 5*n**2 + 4*n + 3. Let c be v(4). Let y be (-1965)/(-4) + 979/356. Suppose -w = -1 - 4, -c*r = w - y. What is the tens digit of r?
6
Suppose -v - 52865 = -5*o, 2*o - 3*v - 15694 - 5439 = 0. What is the tens digit of o?
7
Suppose -5*r + 168 + 722 = 0. Let y(g) = 53*g**2 + r - 357 + 174 - 2*g. What is the hundreds digit of y(-2)?
2
Let h = -563 + 565. Suppose -7961 = -8*g + 3*g + 2*m, 2*g + h*m - 3190 = 0. What is the units digit of g?
3
Suppose 5*r = 3*x + 32, -11*x - 3*r = -7*x + 4. Let v be (8 - 3 - -59) + x. Suppose 4*i = 4*u - v, 4*i + 42 + 4 = 3*u. What is the units digit of u?
4
Let c(d) = 17 + d**3 + 5*d + 0*d + 9*d**3 - 5*d**2 + 0*d. What is the tens digit of c(4)?
9
What is the hundreds digit of (-4 - 6 - -2576)/1?
5
Let s = 95550 + -60896. What is the tens digit of s?
5
Let g(f) = -f**3 + 99*f**2 + 178*f - 343. What is the units digit of g(100)?
7
Suppose -9*z = 4*z - 65. Suppose 0 = -z*o - 2671 + 6961. What is the tens digit of o?
5
Let i(s) = -s**3 - 4*s**2 - 6*s - 20. Let o be i(-4). Suppose -629 - 247 = -o*c. What is the tens digit of c?
1
Let n be 1 + (-12)/2*4. Let t = 31 + n. Suppose 0 = h - t - 10. What is the units digit of h?
8
Suppose -53*c + 10515 = -50*c - 3*u, -2*u - 8 = 0. What is the tens digit of c?
0
Let z = 1007 - -4664. What is the thousands digit of z?
5
Let c(k) = 3572*k + 779. What is the units digit of c(2)?
3
Let u(w) = -w + 1. Let a be u(-2). Let i(l) = 8*l**3 - 3*l**2 + 3*l. What is the hundreds digit of i(a)?
1
Let h = -24373 + 43036. What is the thousands digit of h?
8
Suppose 6*w - 5*w = 4*l - 4, -w = 4*l + 4. Suppose -3*p - 3*v + 2*v + 1820 = l, 3*p = 2*v + 1805. What is the tens digit of p?
0
Let f = 69117 - -14657. What is the tens digit of f?
7
Suppose -3*d + 4*a = -13236, 3*d - 2*a - 799 = 12449. What is the thousands digit of d?
4
Let k(s) = 36*s**2 + 6*s + 6. Suppose -35 = 6*r - 11. Let x be k(r). Suppose 3*h = 5*y + 21 + x, 2*y = 3*h - 570. What is the hundreds digit of h?
1
Suppose -y = 5*c - 1021, 4*c + 0*c - 4*y = 812. Suppose 3*n = 2*j + c, 3*n + 5*j - 19 - 206 = 0. What is the tens digit of n?
7
Suppose 0 = -2*o + 4*w - 30, 2*o - 5*w = o - 15. Let z = o + 18. Suppose -n + 17 = m + z, m = -4. What is the units digit of n?
8
What is the thousands digit of ((-55185)/1132)/(4/20 - (-306)/(-1480))?
7
Let k = -8467 + 94205. What is the units digit of k?
8
Let b be (8/6)/2*-1092. Let r = -51 - b. What is the hundreds digit of r?
6
What is the hundreds digit of (-9)/(-24) + (5 - (-659646)/48)?
7
Suppose 0 = -16*k + 49 - 65. What is the hundreds digit of k/((-4)/4128) - -8?
0
Suppose -3666 - 18658 = -10*q + 35896. What is the hundreds digit of q?
8
Let t be -5*2/30*-3*23. Suppose 2*u + t = 33. Let z(w) = w**3 + 5*w**2 - 6*w - 1. What is the hundreds digit of z(u)?
2
What is the thousands digit of -1292*(-19)/(-228)*-354?
8
Let y be (-6582)/(-12) - (-9)/6. Suppose -4*f = -y - 62. What is the units digit of f?
3
What is the tens digit of 27/6*279252/162?
5
What is the tens digit of -630*(-72)/16 - -3?
3
Let y = -2863 + 10662. What is the tens digit of y?
9
Suppose -13*b = -9*b - 40. Suppose -1392 = -b*q + 668. What is the hundreds digit of q?
2
Let d(c) = 4440*c**2 + 30*c - 30. What is the tens digit of d(1)?
4
Let k(b) = 1038*b + 213. Let h be k(39). Suppose 0 = 24*f - h + 1959. What is the units digit of f?
4
Suppose -233*k + 37*k + 258090 = 14*k. What is the thousands digit of k?
1
Let t be 154/11*(-14)/4. Let j = -44 - t. Suppose -j*k + 70 = -4*q + 530, -3*q + 345 = 3*k. What is the tens digit of q?
1
Suppose -48 + 52 = g. Suppose -2*h - t + 474 = 0, 0*t + 711 = 3*h - g*t. What is the tens digit of h?
3
Let c be (30/(-4))/(135/70 - 2). Suppose -3*b + 39 = -c. Suppose 2*v - 172 = b. What is the tens digit of v?
1
Suppose -3*q = 4*j - 456, -9*q + 5*q - j = -595. Let r = 204 - q. What is t